{"id":114891,"date":"2024-11-06T15:08:43","date_gmt":"2024-11-06T18:08:43","guid":{"rendered":"https:\/\/www.creativeprojects.com.br\/economizei\/produto\/bebedouro-de-agua-eletronico-para-galao-de-10-e-20l-britania-bbe13b-aquaplus-preto-bivolt-entregue-por-gazin\/"},"modified":"2024-12-17T17:42:42","modified_gmt":"2024-12-17T20:42:42","slug":"bebedouro-de-agua-eletronico-para-galao-de-10-e-20l-britania-bbe13b-aquaplus-preto-bivolt-entregue-por-gazin","status":"publish","type":"product","link":"https:\/\/www.creativeprojects.com.br\/economizei\/produto\/bebedouro-de-agua-eletronico-para-galao-de-10-e-20l-britania-bbe13b-aquaplus-preto-bivolt-entregue-por-gazin\/","title":{"rendered":"Bebedouro De \u00c1gua Eletr\u00f4nico Para Gal\u00e3o De 10 E 20L Brit\u00e2nia Bbe13b Aquaplus &#8211; Preto &#8211; Bivolt (Entregue por Gazin)"},"content":{"rendered":"","protected":false},"excerpt":{"rendered":"","protected":false},"featured_media":114892,"comment_status":"open","ping_status":"closed","template":"","meta":{"_monsterinsights_skip_tracking":false,"_monsterinsights_sitenote_active":false,"_monsterinsights_sitenote_note":"","_monsterinsights_sitenote_category":0},"product_brand":[],"product_cat":[3821],"product_tag":[],"class_list":{"0":"post-114891","1":"product","2":"type-product","3":"status-publish","6":"product_cat-geral","7":"lojas-externas-gazin","9":"first","10":"instock","11":"taxable","12":"shipping-taxable","13":"product-type-external"},"aioseo_notices":[],"jetpack_sharing_enabled":true,"_links":{"self":[{"href":"https:\/\/www.creativeprojects.com.br\/economizei\/wp-json\/wp\/v2\/product\/114891","targetHints":{"allow":["GET"]}}],"collection":[{"href":"https:\/\/www.creativeprojects.com.br\/economizei\/wp-json\/wp\/v2\/product"}],"about":[{"href":"https:\/\/www.creativeprojects.com.br\/economizei\/wp-json\/wp\/v2\/types\/product"}],"replies":[{"embeddable":true,"href":"https:\/\/www.creativeprojects.com.br\/economizei\/wp-json\/wp\/v2\/comments?post=114891"}],"wp:featuredmedia":[{"embeddable":true,"href":"https:\/\/www.creativeprojects.com.br\/economizei\/wp-json\/wp\/v2\/media\/114892"}],"wp:attachment":[{"href":"https:\/\/www.creativeprojects.com.br\/economizei\/wp-json\/wp\/v2\/media?parent=114891"}],"wp:term":[{"taxonomy":"product_brand","embeddable":true,"href":"https:\/\/www.creativeprojects.com.br\/economizei\/wp-json\/wp\/v2\/product_brand?post=114891"},{"taxonomy":"product_cat","embeddable":true,"href":"https:\/\/www.creativeprojects.com.br\/economizei\/wp-json\/wp\/v2\/product_cat?post=114891"},{"taxonomy":"product_tag","embeddable":true,"href":"https:\/\/www.creativeprojects.com.br\/economizei\/wp-json\/wp\/v2\/product_tag?post=114891"}],"curies":[{"name":"wp","href":"https:\/\/api.w.org\/{rel}","templated":true}]}}