{"id":1077,"date":"2020-09-01T15:39:42","date_gmt":"2020-09-01T18:39:42","guid":{"rendered":"https:\/\/www.creativeprojects.com.br\/shop\/?post_type=product&#038;p=1077"},"modified":"2022-10-18T17:41:34","modified_gmt":"2022-10-18T20:41:34","slug":"carregador-portatil-power-bank-68-000mah-qtd-de-carregamento-25-vezes","status":"publish","type":"product","link":"https:\/\/www.creativeprojects.com.br\/shop\/produto\/carregador-portatil-power-bank-68-000mah-qtd-de-carregamento-25-vezes\/","title":{"rendered":"Carregador Port\u00e1til Power Bank 68.000mAh &#8211; Qtd. de carregamento 25 vezes"},"content":{"rendered":"<div class=\"title-shelf2\">\n<h3>Detalhes do Produto<\/h3>\n<\/div>\n<div class=\"float\">\n<div class=\"float lh21 size13 colorblack\">\n<ul>\n<li>\n<div>Carregador Port\u00e1til Power Bank Duas Entradas.<\/div>\n<\/li>\n<li>\n<div>Carregador port\u00e1til com duas entradas USB.<\/div>\n<\/li>\n<li>\n<div>Compat\u00edvel para entrada V8, iPad, iPhone e MP4.<\/div>\n<\/li>\n<\/ul>\n<div><\/div>\n<div><b>Especifica\u00e7\u00f5es T\u00e9cnicas:<\/b><\/div>\n<div><b>Aten\u00e7\u00e3o: Carregue o produto antes de ser utilizado pela primeira vez.<\/b><\/div>\n<div>Bateria: 68000mAh.<\/div>\n<div>Input: DC5V\/1A.<\/div>\n<div>Entrada 1: 5V1A Entrada 2: 5V2A.<\/div>\n<div><\/div>\n<div><strong>Itens inclusos:<\/strong><\/div>\n<div>1 Carregador port\u00e1til.<\/div>\n<div>1 Cabo USB.<\/div>\n<div>1 Embalagem protetora.<\/div>\n<div><\/div>\n<div><strong>Medidas:<\/strong><\/div>\n<div>10 cm x 7 cm x 3 (alt. x larg. x prof).<\/div>\n<\/div>\n<\/div>\n","protected":false},"excerpt":{"rendered":"<p>Detalhes do Produto Carregador Port\u00e1til Power Bank Duas Entradas. Carregador port\u00e1til com duas entradas USB. Compat\u00edvel para entrada V8, iPad, iPhone e MP4. Especifica\u00e7\u00f5es T\u00e9cnicas: Aten\u00e7\u00e3o: Carregue o produto antes<\/p>\n","protected":false},"featured_media":1078,"comment_status":"open","ping_status":"closed","template":"","meta":{"_uag_custom_page_level_css":""},"product_brand":[],"product_cat":[54,64],"product_tag":[58,57,56,55,39],"class_list":{"0":"post-1077","1":"product","2":"type-product","3":"status-publish","6":"product_cat-acessorios","7":"product_cat-pecas-e-acessorios","8":"product_tag-68-000mah","9":"product_tag-baterry-power","10":"product_tag-carregador","11":"product_tag-carregador-portatil","12":"product_tag-creative-projects","13":"product_shipping_class-correios","14":"lojas-externas-creative-projects","16":"first","17":"instock","18":"sale","19":"featured","20":"taxable","21":"shipping-taxable","22":"purchasable","23":"product-type-simple"},"uagb_featured_image_src":{"full":["https:\/\/i0.wp.com\/www.creativeprojects.com.br\/shop\/wp-content\/uploads\/2020\/09\/18219517_1538714026147019_2929599666502762496_n.jpg?fit=960%2C960&ssl=1",960,960,false],"thumbnail":["https:\/\/i0.wp.com\/www.creativeprojects.com.br\/shop\/wp-content\/uploads\/2020\/09\/18219517_1538714026147019_2929599666502762496_n.jpg?resize=150%2C150&ssl=1",150,150,true],"medium":["https:\/\/i0.wp.com\/www.creativeprojects.com.br\/shop\/wp-content\/uploads\/2020\/09\/18219517_1538714026147019_2929599666502762496_n.jpg?fit=300%2C300&ssl=1",300,300,true],"medium_large":["https:\/\/i0.wp.com\/www.creativeprojects.com.br\/shop\/wp-content\/uploads\/2020\/09\/18219517_1538714026147019_2929599666502762496_n.jpg?fit=640%2C640&ssl=1",640,640,true],"large":["https:\/\/i0.wp.com\/www.creativeprojects.com.br\/shop\/wp-content\/uploads\/2020\/09\/18219517_1538714026147019_2929599666502762496_n.jpg?fit=640%2C640&ssl=1",640,640,true],"1536x1536":["https:\/\/i0.wp.com\/www.creativeprojects.com.br\/shop\/wp-content\/uploads\/2020\/09\/18219517_1538714026147019_2929599666502762496_n.jpg?fit=960%2C960&ssl=1",960,960,true],"2048x2048":["https:\/\/i0.wp.com\/www.creativeprojects.com.br\/shop\/wp-content\/uploads\/2020\/09\/18219517_1538714026147019_2929599666502762496_n.jpg?fit=960%2C960&ssl=1",960,960,true],"orchid-store-thumbnail-extra-large":["https:\/\/i0.wp.com\/www.creativeprojects.com.br\/shop\/wp-content\/uploads\/2020\/09\/18219517_1538714026147019_2929599666502762496_n.jpg?resize=800%2C600&ssl=1",800,600,true],"orchid-store-thumbnail-large":["https:\/\/i0.wp.com\/www.creativeprojects.com.br\/shop\/wp-content\/uploads\/2020\/09\/18219517_1538714026147019_2929599666502762496_n.jpg?resize=800%2C450&ssl=1",800,450,true],"woocommerce_thumbnail":["https:\/\/i0.wp.com\/www.creativeprojects.com.br\/shop\/wp-content\/uploads\/2020\/09\/18219517_1538714026147019_2929599666502762496_n.jpg?resize=300%2C300&ssl=1",300,300,true],"woocommerce_single":["https:\/\/i0.wp.com\/www.creativeprojects.com.br\/shop\/wp-content\/uploads\/2020\/09\/18219517_1538714026147019_2929599666502762496_n.jpg?fit=600%2C600&ssl=1",600,600,true],"woocommerce_gallery_thumbnail":["https:\/\/i0.wp.com\/www.creativeprojects.com.br\/shop\/wp-content\/uploads\/2020\/09\/18219517_1538714026147019_2929599666502762496_n.jpg?resize=100%2C100&ssl=1",100,100,true],"quick_view_image_size":["https:\/\/i0.wp.com\/www.creativeprojects.com.br\/shop\/wp-content\/uploads\/2020\/09\/18219517_1538714026147019_2929599666502762496_n.jpg?resize=450%2C600&ssl=1",450,600,true]},"uagb_author_info":{"display_name":"creativeprojectsam","author_link":"https:\/\/www.creativeprojects.com.br\/shop\/author\/"},"uagb_comment_info":0,"uagb_excerpt":"Detalhes do Produto Carregador Port\u00e1til Power Bank Duas Entradas. Carregador port\u00e1til com duas entradas USB. Compat\u00edvel para entrada V8, iPad, iPhone e MP4. Especifica\u00e7\u00f5es T\u00e9cnicas: Aten\u00e7\u00e3o: Carregue o produto antes","jetpack_sharing_enabled":true,"_links":{"self":[{"href":"https:\/\/www.creativeprojects.com.br\/shop\/wp-json\/wp\/v2\/product\/1077","targetHints":{"allow":["GET"]}}],"collection":[{"href":"https:\/\/www.creativeprojects.com.br\/shop\/wp-json\/wp\/v2\/product"}],"about":[{"href":"https:\/\/www.creativeprojects.com.br\/shop\/wp-json\/wp\/v2\/types\/product"}],"replies":[{"embeddable":true,"href":"https:\/\/www.creativeprojects.com.br\/shop\/wp-json\/wp\/v2\/comments?post=1077"}],"version-history":[{"count":3,"href":"https:\/\/www.creativeprojects.com.br\/shop\/wp-json\/wp\/v2\/product\/1077\/revisions"}],"predecessor-version":[{"id":1082,"href":"https:\/\/www.creativeprojects.com.br\/shop\/wp-json\/wp\/v2\/product\/1077\/revisions\/1082"}],"wp:featuredmedia":[{"embeddable":true,"href":"https:\/\/www.creativeprojects.com.br\/shop\/wp-json\/wp\/v2\/media\/1078"}],"wp:attachment":[{"href":"https:\/\/www.creativeprojects.com.br\/shop\/wp-json\/wp\/v2\/media?parent=1077"}],"wp:term":[{"taxonomy":"product_brand","embeddable":true,"href":"https:\/\/www.creativeprojects.com.br\/shop\/wp-json\/wp\/v2\/product_brand?post=1077"},{"taxonomy":"product_cat","embeddable":true,"href":"https:\/\/www.creativeprojects.com.br\/shop\/wp-json\/wp\/v2\/product_cat?post=1077"},{"taxonomy":"product_tag","embeddable":true,"href":"https:\/\/www.creativeprojects.com.br\/shop\/wp-json\/wp\/v2\/product_tag?post=1077"}],"curies":[{"name":"wp","href":"https:\/\/api.w.org\/{rel}","templated":true}]}}