{"id":1649,"date":"2020-09-25T02:19:45","date_gmt":"2020-09-25T05:19:45","guid":{"rendered":"https:\/\/www.creativeprojects.com.br\/shop\/?post_type=product&#038;p=1649"},"modified":"2022-10-18T17:41:34","modified_gmt":"2022-10-18T20:41:34","slug":"console-playstation-5-ps5-sony","status":"publish","type":"product","link":"https:\/\/www.creativeprojects.com.br\/shop\/produto\/console-playstation-5-ps5-sony\/","title":{"rendered":"Console Playstation 5 PS5 &#8211; Sony"},"content":{"rendered":"<p>&nbsp;<\/p>\n<table class=\"tab ficha-tecnica\">\n<tbody>\n<tr class=\"element level1 odd\">\n<td class=\"name\">Informa\u00e7\u00f5es t\u00e9cnicas<\/td>\n<td class=\"element\">\n<table>\n<tbody>\n<tr class=\"attribute level2 odd\">\n<td>Marca<\/td>\n<td>Sony<\/td>\n<\/tr>\n<tr class=\"attribute level2 even\">\n<td>Refer\u00eancia<\/td>\n<td>3005724<\/td>\n<\/tr>\n<tr class=\"attribute level2 odd\">\n<td>Modelo<\/td>\n<td>PS5<\/td>\n<\/tr>\n<\/tbody>\n<\/table>\n<\/td>\n<\/tr>\n<tr class=\"attribute level1 even\">\n<td class=\"name\">Capacidade do SSD<\/td>\n<td class=\"element\">825GB<\/td>\n<\/tr>\n<tr class=\"attribute level1 odd\">\n<td class=\"name\">Quantidade de controles<\/td>\n<td class=\"element\">1<\/td>\n<\/tr>\n<tr class=\"attribute level1 even\">\n<td class=\"name\">Tipo de controle<\/td>\n<td class=\"element\">DualSense<\/td>\n<\/tr>\n<tr class=\"attribute level1 odd\">\n<td class=\"name\">Jogos inclusos<\/td>\n<td class=\"element\">Astro&#8217;s Playroom (jogo pr\u00e9-instalado. O console pode precisar ser atualizado para a vers\u00e3o mais recente do software do sistema. Necess\u00e1rio conex\u00e3o com a Internet)<\/td>\n<\/tr>\n<tr class=\"attribute level1 even\">\n<td class=\"name\">Conex\u00f5es<\/td>\n<td class=\"element\">HDMI<\/td>\n<\/tr>\n<tr class=\"attribute level1 odd\">\n<td class=\"name\">Recursos especiais<\/td>\n<td class=\"element\">&#8211; Ray Tracing<br \/>\n&#8211; E\/S integrada<br \/>\n&#8211; HDR<br \/>\n&#8211; Sa\u00edda em 8K<br \/>\n&#8211; Tempest 3D AudioTech<\/td>\n<\/tr>\n<tr class=\"attribute level1 even\">\n<td class=\"name\">Voltagem<\/td>\n<td class=\"element\">Bivolt<\/td>\n<\/tr>\n<tr class=\"attribute level1 odd\">\n<td class=\"name\">Cor<\/td>\n<td class=\"element\">Branco<\/td>\n<\/tr>\n<tr class=\"element level1 even\">\n<td class=\"name\">Peso aproximado<\/td>\n<td class=\"element\">\n<table>\n<tbody>\n<tr class=\"attribute level2 even\">\n<td>\u00a0Peso do produto<\/td>\n<td>4,5kg<\/td>\n<\/tr>\n<\/tbody>\n<\/table>\n<\/td>\n<\/tr>\n<tr class=\"element level1 odd\">\n<td class=\"name\"><strong>Creative Projects<\/strong><\/td>\n<td class=\"element\">\u00a0Qualquer d\u00favida entre em contato conosco. Desde j\u00e1 agradecemos!<\/td>\n<\/tr>\n<tr class=\"element level1 even\">\n<td class=\"name\">Garantia<\/td>\n<td class=\"element\">\n<table>\n<tbody>\n<tr class=\"attribute level2 even\">\n<td>Prazo de Garantia<\/td>\n<td>01 ano (3 meses de garantia legal e mais 9 meses de garantia especial concedida pelo fabricante).<\/td>\n<\/tr>\n<\/tbody>\n<\/table>\n<\/td>\n<\/tr>\n<\/tbody>\n<\/table>\n","protected":false},"excerpt":{"rendered":"<blockquote>\n<h2 style=\"text-align: left;\">QUER GANHAR UM DESCONTO DE 5%, E ADQUIRINDO ESTE LINDO PS5 POR:<\/h2>\n<h1 style=\"text-align: left;\">R$<strong> 4.749,05 \u00c0 VISTA<\/strong><\/h1>\n<p style=\"text-align: left;\"><em>SE SUA RESPOSTA FOI<\/em> <strong>SIM<\/strong> <em>ENT\u00c3O VENHA APROVEITAR ESSE DESCONTO<\/em> SELECIONANDO A OP\u00c7\u00c3O:\u00a0<strong>Transfer\u00eancia banc\u00e1ria direta ou Boleto banc\u00e1rio com Desconto<\/strong><\/p>\n<\/blockquote>\n<p>Jogar N\u00e3o Tem Limites. O slogan do novo PlayStation 5 diz tudo sobre o console. Desfrute do carregamento extremamente r\u00e1pido com o SSD de alt\u00edssima velocidade, uma imers\u00e3o mais profunda com suporte a feedback t\u00e1til, gatilhos adapt\u00e1veis e \u00e1udio 3D, al\u00e9m de uma gera\u00e7\u00e3o in\u00e9dita de jogos incr\u00edveis para PlayStation. Domine o poder de uma CPU e GPU personalizadas e o SSD com E\/S integradasque redefinem as regras do que o console PlayStation pode fazer. Maximize suas sess\u00f5es de jogo com tempos de carregamento praticamente instant\u00e2neos para jogos do PS5 instalados. A integra\u00e7\u00e3o personalizada dos sistemas de console PS5 permite que os criadores extraiam dados do SSD t\u00e3o r\u00e1pido que eles podem desenvolver jogos de formas que antes seriam imposs\u00edveis. Mergulhe em mundos com um n\u00edvel in\u00e9dito de realismo enquanto os raios de luz s\u00e3o simulados individualmente, criando sombras e reflexos realistas em jogos compat\u00edveis do PS5. Desfrute de fluidez e taxa de quadros de at\u00e9 120qps em jogos compat\u00edveis, com suporte a sa\u00edda de 120Hz em telas 4K. Com uma TV HDR, os jogos compat\u00edveis do PS5 exibem uma variedade de cores inacreditavelmente vibrante e realista. Os consoles PS5 oferecem suporte a sa\u00edda 8K, para que voc\u00ea possa jogar na sua tela com resolu\u00e7\u00e3o de 4320p em TV&#8217;s que sejam compat\u00edveis com a tecnologia.<\/p>\n","protected":false},"featured_media":1653,"comment_status":"open","ping_status":"closed","template":"","meta":{"_uag_custom_page_level_css":""},"product_brand":[],"product_cat":[99,89,98],"product_tag":[95,39,96,93,97,94,92],"class_list":{"0":"post-1649","1":"product","2":"type-product","3":"status-publish","6":"product_cat-consoles","7":"product_cat-dias-das-criancas","8":"product_cat-games","9":"product_tag-console-ps5","10":"product_tag-creative-projects","11":"product_tag-game","12":"product_tag-lancamento-do-ps5","13":"product_tag-playstation","14":"product_tag-pre-venda","15":"product_tag-ps5","17":"first","18":"instock","19":"sale","20":"featured","21":"virtual","22":"taxable","23":"purchasable","24":"product-type-simple"},"uagb_featured_image_src":{"full":["https:\/\/i0.wp.com\/www.creativeprojects.com.br\/shop\/wp-content\/uploads\/2020\/09\/ps5.jpg?fit=617%2C463&ssl=1",617,463,false],"thumbnail":["https:\/\/i0.wp.com\/www.creativeprojects.com.br\/shop\/wp-content\/uploads\/2020\/09\/ps5.jpg?resize=150%2C150&ssl=1",150,150,true],"medium":["https:\/\/i0.wp.com\/www.creativeprojects.com.br\/shop\/wp-content\/uploads\/2020\/09\/ps5.jpg?fit=300%2C225&ssl=1",300,225,true],"medium_large":["https:\/\/i0.wp.com\/www.creativeprojects.com.br\/shop\/wp-content\/uploads\/2020\/09\/ps5.jpg?fit=617%2C463&ssl=1",617,463,true],"large":["https:\/\/i0.wp.com\/www.creativeprojects.com.br\/shop\/wp-content\/uploads\/2020\/09\/ps5.jpg?fit=617%2C463&ssl=1",617,463,true],"1536x1536":["https:\/\/i0.wp.com\/www.creativeprojects.com.br\/shop\/wp-content\/uploads\/2020\/09\/ps5.jpg?fit=617%2C463&ssl=1",617,463,true],"2048x2048":["https:\/\/i0.wp.com\/www.creativeprojects.com.br\/shop\/wp-content\/uploads\/2020\/09\/ps5.jpg?fit=617%2C463&ssl=1",617,463,true],"orchid-store-thumbnail-extra-large":["https:\/\/i0.wp.com\/www.creativeprojects.com.br\/shop\/wp-content\/uploads\/2020\/09\/ps5.jpg?resize=617%2C462&ssl=1",617,462,true],"orchid-store-thumbnail-large":["https:\/\/i0.wp.com\/www.creativeprojects.com.br\/shop\/wp-content\/uploads\/2020\/09\/ps5.jpg?resize=617%2C450&ssl=1",617,450,true],"woocommerce_thumbnail":["https:\/\/i0.wp.com\/www.creativeprojects.com.br\/shop\/wp-content\/uploads\/2020\/09\/ps5.jpg?resize=300%2C300&ssl=1",300,300,true],"woocommerce_single":["https:\/\/i0.wp.com\/www.creativeprojects.com.br\/shop\/wp-content\/uploads\/2020\/09\/ps5.jpg?fit=600%2C450&ssl=1",600,450,true],"woocommerce_gallery_thumbnail":["https:\/\/i0.wp.com\/www.creativeprojects.com.br\/shop\/wp-content\/uploads\/2020\/09\/ps5.jpg?resize=100%2C100&ssl=1",100,100,true],"quick_view_image_size":["https:\/\/i0.wp.com\/www.creativeprojects.com.br\/shop\/wp-content\/uploads\/2020\/09\/ps5.jpg?resize=347%2C463&ssl=1",347,463,true]},"uagb_author_info":{"display_name":"creativeprojectsam","author_link":"https:\/\/www.creativeprojects.com.br\/shop\/author\/"},"uagb_comment_info":0,"uagb_excerpt":"QUER GANHAR UM DESCONTO DE 5%, E ADQUIRINDO ESTE LINDO PS5 POR: R$ 4.749,05 \u00c0 VISTA SE SUA RESPOSTA FOI SIM ENT\u00c3O VENHA APROVEITAR ESSE DESCONTO SELECIONANDO A OP\u00c7\u00c3O:\u00a0Transfer\u00eancia banc\u00e1ria direta ou Boleto banc\u00e1rio com Desconto Jogar N\u00e3o Tem Limites. O slogan do novo PlayStation 5 diz tudo sobre o console. Desfrute do carregamento extremamente&hellip;","jetpack_sharing_enabled":true,"_links":{"self":[{"href":"https:\/\/www.creativeprojects.com.br\/shop\/wp-json\/wp\/v2\/product\/1649","targetHints":{"allow":["GET"]}}],"collection":[{"href":"https:\/\/www.creativeprojects.com.br\/shop\/wp-json\/wp\/v2\/product"}],"about":[{"href":"https:\/\/www.creativeprojects.com.br\/shop\/wp-json\/wp\/v2\/types\/product"}],"replies":[{"embeddable":true,"href":"https:\/\/www.creativeprojects.com.br\/shop\/wp-json\/wp\/v2\/comments?post=1649"}],"version-history":[{"count":8,"href":"https:\/\/www.creativeprojects.com.br\/shop\/wp-json\/wp\/v2\/product\/1649\/revisions"}],"predecessor-version":[{"id":1659,"href":"https:\/\/www.creativeprojects.com.br\/shop\/wp-json\/wp\/v2\/product\/1649\/revisions\/1659"}],"wp:featuredmedia":[{"embeddable":true,"href":"https:\/\/www.creativeprojects.com.br\/shop\/wp-json\/wp\/v2\/media\/1653"}],"wp:attachment":[{"href":"https:\/\/www.creativeprojects.com.br\/shop\/wp-json\/wp\/v2\/media?parent=1649"}],"wp:term":[{"taxonomy":"product_brand","embeddable":true,"href":"https:\/\/www.creativeprojects.com.br\/shop\/wp-json\/wp\/v2\/product_brand?post=1649"},{"taxonomy":"product_cat","embeddable":true,"href":"https:\/\/www.creativeprojects.com.br\/shop\/wp-json\/wp\/v2\/product_cat?post=1649"},{"taxonomy":"product_tag","embeddable":true,"href":"https:\/\/www.creativeprojects.com.br\/shop\/wp-json\/wp\/v2\/product_tag?post=1649"}],"curies":[{"name":"wp","href":"https:\/\/api.w.org\/{rel}","templated":true}]}}