{"id":1714,"date":"2020-10-30T19:08:20","date_gmt":"2020-10-30T22:08:20","guid":{"rendered":"https:\/\/www.creativeprojects.com.br\/shop\/?post_type=product&#038;p=1714"},"modified":"2021-09-05T17:36:08","modified_gmt":"2021-09-05T20:36:08","slug":"point-smart","status":"publish","type":"product","link":"https:\/\/www.creativeprojects.com.br\/shop\/produto\/point-smart\/","title":{"rendered":"Point Smart"},"content":{"rendered":"<div>\n<section id=\"s-animated-features\" class=\"s-animated-features\">\n<div class=\"ui-content-wrapper\">\n<h3 class=\"feature-step feature-step-4\" style=\"text-align: left;\"><strong>Tudo o que voc\u00ea precisa para continuar crescendo<\/strong><\/h3>\n<div class=\"animated-container\" style=\"text-align: left;\">\n<div class=\"animated-features \">\n<div class=\"animated-content\">\n<div class=\"animated-features--flex\">\n<div class=\"animated-feature-left\">\n<div class=\"animated-feature-item\" role=\"presentation\">\n<div class=\"animated-text-content\">\n<div class=\"animated-feature-title\">Bateria que dura o dia todo<\/div>\n<div class=\"animated-feature-description\">Recarga r\u00e1pida e de longa dura\u00e7\u00e3o. Inclui\u00a0base\u00a0para\u00a0recarga.<\/div>\n<\/div>\n<\/div>\n<div class=\"animated-feature-item\" role=\"presentation\">\n<div class=\"animated-feature-image-container\"><\/div>\n<div class=\"animated-text-content\">\n<div class=\"animated-feature-title\">Plano de dados 4G gr\u00e1tis<\/div>\n<div class=\"animated-feature-description\">Conex\u00e3o 24 horas e Wi-Fi.<\/div>\n<\/div>\n<\/div>\n<div class=\"animated-feature-item\" role=\"presentation\">\n<div class=\"animated-feature-image-container\"><\/div>\n<div class=\"animated-text-content\">\n<div class=\"animated-feature-title\">Mais op\u00e7\u00f5es de pagamento<\/div>\n<div class=\"animated-feature-description\">Cart\u00e3o com chip, tarja magn\u00e9tica, por aproxima\u00e7\u00e3o e tamb\u00e9m pagamento com c\u00f3digo QR.<\/div>\n<\/div>\n<\/div>\n<div class=\"animated-feature-item\" role=\"presentation\">\n<div class=\"animated-feature-image-container\"><\/div>\n<div class=\"animated-text-content\">\n<div class=\"animated-feature-title animated-feature-title--active\">Impress\u00e3o de comprovantes<\/div>\n<div class=\"animated-feature-description animated-feature-description--active\">Reposi\u00e7\u00e3o de bobinas gr\u00e1tis.<\/div>\n<\/div>\n<\/div>\n<\/div>\n<\/div>\n<\/div>\n<\/div>\n<\/div>\n<\/div>\n<\/section>\n<\/div>\n<section id=\"s-prepaid \" class=\"s-prepaid \">\n<div class=\"ui-content-wrapper\">\n<div class=\"ui-content\">\n<div class=\"s-prepaid__list\">\n<div class=\"ui-item\">\n<div class=\"ui-item__body\">\n<p><img data-recalc-dims=\"1\" decoding=\"async\" class=\"hero__image alignnone\" src=\"https:\/\/i0.wp.com\/http2.mlstatic.com\/frontend-assets\/growth-sellers-landings\/prepaid-hibrida-320%402x.png?w=640&#038;ssl=1\" alt=\"landing main image\" \/><\/p>\n<ul>\n<li><strong>Pague<\/strong>\u00a0boletos e tributos, recarregue celular e seu cart\u00e3o de transporte com nosso app.<\/li>\n<\/ul>\n<\/div>\n<div class=\"ui-item__body\" style=\"text-align: left;\">\n<ul>\n<li class=\"ui-item__description\"><strong>Compre<\/strong>\u00a0no Mercado Livre e em centenas de lugares com c\u00f3digo QR ou com nosso cart\u00e3o.<\/li>\n<\/ul>\n<\/div>\n<div class=\"ui-item__body\" style=\"text-align: left;\">\n<ul>\n<li class=\"ui-item__description\"><strong>Gere mais rendimentos<\/strong>\u00a0do que com a poupan\u00e7a.<\/li>\n<\/ul>\n<\/div>\n<div class=\"ui-item__body\" style=\"text-align: left;\">\n<ul>\n<li class=\"ui-item__description\"><strong>Transfira<\/strong>\u00a0dinheiro para qualquer conta banc\u00e1ria ou digital. O valor \u00e9 creditado na hora!<\/li>\n<\/ul>\n<\/div>\n<div class=\"ui-item__body\">\n<ul>\n<li class=\"ui-item__description\" style=\"text-align: left;\"><strong>Saque dinheiro<\/strong> em caixas da rede Banco24Horas. Aproveite as melhores tarifas para saques sem cart\u00e3o!<\/li>\n<\/ul>\n<\/div>\n<\/div>\n<\/div>\n<\/div>\n<\/div>\n<\/section>\n<section id=\"s-opportunity\" class=\"s-opportunity\">\n<div class=\"ui-content-wrapper\">\n<h2 style=\"text-align: left;\"><img data-recalc-dims=\"1\" decoding=\"async\" class=\"s-loyalty__picture alignnone\" src=\"https:\/\/i0.wp.com\/http2.mlstatic.com\/frontend-assets\/growth-sellers-landings\/loyalty-small%402x.png?w=640&#038;ssl=1\" srcset=\"https:\/\/http2.mlstatic.com\/frontend-assets\/growth-sellers-landings\/loyalty-small@2x.png 1x,https:\/\/http2.mlstatic.com\/frontend-assets\/growth-sellers-landings\/loyalty-large@2x.png 2x\" alt=\"loyalty-picture\" \/><\/h2>\n<h2 class=\"ly-subtitle\" style=\"text-align: left;\">CRESCER S\u00d3 DEPENDE DE VOC\u00ca<\/h2>\n<\/div>\n<\/section>\n","protected":false},"excerpt":{"rendered":"<p style=\"text-align: left;\">N\u00d3S DA<strong> CREATIVE PROJECTS<\/strong> ESTAMOS DISPONIBILIZANDO UM <strong>DESCONTO DE R$ 362,00<\/strong> NA SUA MAQUININHA<\/p>\n","protected":false},"featured_media":1717,"comment_status":"open","ping_status":"closed","template":"","meta":{"_uag_custom_page_level_css":""},"product_brand":[],"product_cat":[105,29],"product_tag":[108,106,107],"class_list":{"0":"post-1714","1":"product","2":"type-product","3":"status-publish","6":"product_cat-maquinas-de-cartoes","7":"product_cat-marketplace","8":"product_tag-maquina-de-cartao","9":"product_tag-maquina-de-cartao-de-credito-e-debito","10":"product_tag-mercado-pago","11":"lojas-externas-mercado-pago","13":"first","14":"instock","15":"sale","16":"taxable","17":"shipping-taxable","18":"product-type-external"},"uagb_featured_image_src":{"full":["https:\/\/i0.wp.com\/www.creativeprojects.com.br\/shop\/wp-content\/uploads\/2020\/10\/9d4f3f7ae5.png?fit=535%2C410&ssl=1",535,410,false],"thumbnail":["https:\/\/i0.wp.com\/www.creativeprojects.com.br\/shop\/wp-content\/uploads\/2020\/10\/9d4f3f7ae5.png?resize=150%2C150&ssl=1",150,150,true],"medium":["https:\/\/i0.wp.com\/www.creativeprojects.com.br\/shop\/wp-content\/uploads\/2020\/10\/9d4f3f7ae5.png?fit=300%2C230&ssl=1",300,230,true],"medium_large":["https:\/\/i0.wp.com\/www.creativeprojects.com.br\/shop\/wp-content\/uploads\/2020\/10\/9d4f3f7ae5.png?fit=535%2C410&ssl=1",535,410,true],"large":["https:\/\/i0.wp.com\/www.creativeprojects.com.br\/shop\/wp-content\/uploads\/2020\/10\/9d4f3f7ae5.png?fit=535%2C410&ssl=1",535,410,true],"1536x1536":["https:\/\/i0.wp.com\/www.creativeprojects.com.br\/shop\/wp-content\/uploads\/2020\/10\/9d4f3f7ae5.png?fit=535%2C410&ssl=1",535,410,true],"2048x2048":["https:\/\/i0.wp.com\/www.creativeprojects.com.br\/shop\/wp-content\/uploads\/2020\/10\/9d4f3f7ae5.png?fit=535%2C410&ssl=1",535,410,true],"orchid-store-thumbnail-extra-large":["https:\/\/i0.wp.com\/www.creativeprojects.com.br\/shop\/wp-content\/uploads\/2020\/10\/9d4f3f7ae5.png?resize=535%2C401&ssl=1",535,401,true],"orchid-store-thumbnail-large":["https:\/\/i0.wp.com\/www.creativeprojects.com.br\/shop\/wp-content\/uploads\/2020\/10\/9d4f3f7ae5.png?resize=535%2C300&ssl=1",535,300,true],"woocommerce_thumbnail":["https:\/\/i0.wp.com\/www.creativeprojects.com.br\/shop\/wp-content\/uploads\/2020\/10\/9d4f3f7ae5.png?resize=300%2C300&ssl=1",300,300,true],"woocommerce_single":["https:\/\/i0.wp.com\/www.creativeprojects.com.br\/shop\/wp-content\/uploads\/2020\/10\/9d4f3f7ae5.png?fit=535%2C410&ssl=1",535,410,true],"woocommerce_gallery_thumbnail":["https:\/\/i0.wp.com\/www.creativeprojects.com.br\/shop\/wp-content\/uploads\/2020\/10\/9d4f3f7ae5.png?resize=100%2C100&ssl=1",100,100,true],"quick_view_image_size":["https:\/\/i0.wp.com\/www.creativeprojects.com.br\/shop\/wp-content\/uploads\/2020\/10\/9d4f3f7ae5.png?resize=308%2C410&ssl=1",308,410,true]},"uagb_author_info":{"display_name":"creativeprojectsam","author_link":"https:\/\/www.creativeprojects.com.br\/shop\/author\/"},"uagb_comment_info":0,"uagb_excerpt":"N\u00d3S DA CREATIVE PROJECTS ESTAMOS DISPONIBILIZANDO UM DESCONTO DE R$ 362,00 NA SUA MAQUININHA","jetpack_sharing_enabled":true,"_links":{"self":[{"href":"https:\/\/www.creativeprojects.com.br\/shop\/wp-json\/wp\/v2\/product\/1714","targetHints":{"allow":["GET"]}}],"collection":[{"href":"https:\/\/www.creativeprojects.com.br\/shop\/wp-json\/wp\/v2\/product"}],"about":[{"href":"https:\/\/www.creativeprojects.com.br\/shop\/wp-json\/wp\/v2\/types\/product"}],"replies":[{"embeddable":true,"href":"https:\/\/www.creativeprojects.com.br\/shop\/wp-json\/wp\/v2\/comments?post=1714"}],"version-history":[{"count":13,"href":"https:\/\/www.creativeprojects.com.br\/shop\/wp-json\/wp\/v2\/product\/1714\/revisions"}],"predecessor-version":[{"id":1729,"href":"https:\/\/www.creativeprojects.com.br\/shop\/wp-json\/wp\/v2\/product\/1714\/revisions\/1729"}],"wp:featuredmedia":[{"embeddable":true,"href":"https:\/\/www.creativeprojects.com.br\/shop\/wp-json\/wp\/v2\/media\/1717"}],"wp:attachment":[{"href":"https:\/\/www.creativeprojects.com.br\/shop\/wp-json\/wp\/v2\/media?parent=1714"}],"wp:term":[{"taxonomy":"product_brand","embeddable":true,"href":"https:\/\/www.creativeprojects.com.br\/shop\/wp-json\/wp\/v2\/product_brand?post=1714"},{"taxonomy":"product_cat","embeddable":true,"href":"https:\/\/www.creativeprojects.com.br\/shop\/wp-json\/wp\/v2\/product_cat?post=1714"},{"taxonomy":"product_tag","embeddable":true,"href":"https:\/\/www.creativeprojects.com.br\/shop\/wp-json\/wp\/v2\/product_tag?post=1714"}],"curies":[{"name":"wp","href":"https:\/\/api.w.org\/{rel}","templated":true}]}}