{"id":1857,"date":"2021-07-05T16:12:38","date_gmt":"2021-07-05T19:12:38","guid":{"rendered":"https:\/\/www.creativeprojects.com.br\/shop\/produto\/fone-s-fio-i12-tws\/"},"modified":"2022-10-18T17:41:34","modified_gmt":"2022-10-18T20:41:34","slug":"fone-s-fio-i12-tws","status":"publish","type":"product","link":"https:\/\/www.creativeprojects.com.br\/shop\/produto\/fone-s-fio-i12-tws\/","title":{"rendered":"Fone S\/ Fio i12 TWS"},"content":{"rendered":"<p><strong>DESCRI\u00c7\u00c3O:<\/strong><\/p>\n<blockquote><p><strong>Produto:<\/strong> Wireless Earphone<\/p>\n<p><strong>Dura\u00e7\u00e3o: <\/strong>2-3 Horas<\/p><\/blockquote>\n","protected":false},"excerpt":{"rendered":"<p>DESCRI\u00c7\u00c3O: Produto: Wireless Earphone Dura\u00e7\u00e3o: 2-3 Horas<\/p>\n","protected":false},"featured_media":1856,"comment_status":"open","ping_status":"closed","template":"","meta":{"_uag_custom_page_level_css":""},"product_brand":[],"product_cat":[54,64],"product_tag":[],"class_list":{"0":"post-1857","1":"product","2":"type-product","3":"status-publish","6":"product_cat-acessorios","7":"product_cat-pecas-e-acessorios","8":"lojas-externas-creative-projects","10":"first","11":"outofstock","12":"sale","13":"purchasable","14":"product-type-simple"},"uagb_featured_image_src":{"full":["https:\/\/i0.wp.com\/www.creativeprojects.com.br\/shop\/wp-content\/uploads\/2021\/07\/70d8e6c72e9c2aa802edd5db3fa3f205.jpg?fit=600%2C600&ssl=1",600,600,false],"thumbnail":["https:\/\/i0.wp.com\/www.creativeprojects.com.br\/shop\/wp-content\/uploads\/2021\/07\/70d8e6c72e9c2aa802edd5db3fa3f205.jpg?resize=150%2C150&ssl=1",150,150,true],"medium":["https:\/\/i0.wp.com\/www.creativeprojects.com.br\/shop\/wp-content\/uploads\/2021\/07\/70d8e6c72e9c2aa802edd5db3fa3f205.jpg?fit=300%2C300&ssl=1",300,300,true],"medium_large":["https:\/\/i0.wp.com\/www.creativeprojects.com.br\/shop\/wp-content\/uploads\/2021\/07\/70d8e6c72e9c2aa802edd5db3fa3f205.jpg?fit=600%2C600&ssl=1",600,600,true],"large":["https:\/\/i0.wp.com\/www.creativeprojects.com.br\/shop\/wp-content\/uploads\/2021\/07\/70d8e6c72e9c2aa802edd5db3fa3f205.jpg?fit=600%2C600&ssl=1",600,600,true],"1536x1536":["https:\/\/i0.wp.com\/www.creativeprojects.com.br\/shop\/wp-content\/uploads\/2021\/07\/70d8e6c72e9c2aa802edd5db3fa3f205.jpg?fit=600%2C600&ssl=1",600,600,true],"2048x2048":["https:\/\/i0.wp.com\/www.creativeprojects.com.br\/shop\/wp-content\/uploads\/2021\/07\/70d8e6c72e9c2aa802edd5db3fa3f205.jpg?fit=600%2C600&ssl=1",600,600,true],"orchid-store-thumbnail-extra-large":["https:\/\/i0.wp.com\/www.creativeprojects.com.br\/shop\/wp-content\/uploads\/2021\/07\/70d8e6c72e9c2aa802edd5db3fa3f205.jpg?resize=600%2C450&ssl=1",600,450,true],"orchid-store-thumbnail-large":["https:\/\/i0.wp.com\/www.creativeprojects.com.br\/shop\/wp-content\/uploads\/2021\/07\/70d8e6c72e9c2aa802edd5db3fa3f205.jpg?resize=600%2C450&ssl=1",600,450,true],"woocommerce_thumbnail":["https:\/\/i0.wp.com\/www.creativeprojects.com.br\/shop\/wp-content\/uploads\/2021\/07\/70d8e6c72e9c2aa802edd5db3fa3f205.jpg?resize=300%2C300&ssl=1",300,300,true],"woocommerce_single":["https:\/\/i0.wp.com\/www.creativeprojects.com.br\/shop\/wp-content\/uploads\/2021\/07\/70d8e6c72e9c2aa802edd5db3fa3f205.jpg?fit=600%2C600&ssl=1",600,600,true],"woocommerce_gallery_thumbnail":["https:\/\/i0.wp.com\/www.creativeprojects.com.br\/shop\/wp-content\/uploads\/2021\/07\/70d8e6c72e9c2aa802edd5db3fa3f205.jpg?resize=100%2C100&ssl=1",100,100,true],"quick_view_image_size":["https:\/\/i0.wp.com\/www.creativeprojects.com.br\/shop\/wp-content\/uploads\/2021\/07\/70d8e6c72e9c2aa802edd5db3fa3f205.jpg?resize=450%2C600&ssl=1",450,600,true]},"uagb_author_info":{"display_name":"creativeprojectsam","author_link":"https:\/\/www.creativeprojects.com.br\/shop\/author\/"},"uagb_comment_info":0,"uagb_excerpt":"DESCRI\u00c7\u00c3O: Produto: Wireless Earphone Dura\u00e7\u00e3o: 2-3 Horas","jetpack_sharing_enabled":true,"_links":{"self":[{"href":"https:\/\/www.creativeprojects.com.br\/shop\/wp-json\/wp\/v2\/product\/1857","targetHints":{"allow":["GET"]}}],"collection":[{"href":"https:\/\/www.creativeprojects.com.br\/shop\/wp-json\/wp\/v2\/product"}],"about":[{"href":"https:\/\/www.creativeprojects.com.br\/shop\/wp-json\/wp\/v2\/types\/product"}],"replies":[{"embeddable":true,"href":"https:\/\/www.creativeprojects.com.br\/shop\/wp-json\/wp\/v2\/comments?post=1857"}],"version-history":[{"count":1,"href":"https:\/\/www.creativeprojects.com.br\/shop\/wp-json\/wp\/v2\/product\/1857\/revisions"}],"predecessor-version":[{"id":1865,"href":"https:\/\/www.creativeprojects.com.br\/shop\/wp-json\/wp\/v2\/product\/1857\/revisions\/1865"}],"wp:featuredmedia":[{"embeddable":true,"href":"https:\/\/www.creativeprojects.com.br\/shop\/wp-json\/wp\/v2\/media\/1856"}],"wp:attachment":[{"href":"https:\/\/www.creativeprojects.com.br\/shop\/wp-json\/wp\/v2\/media?parent=1857"}],"wp:term":[{"taxonomy":"product_brand","embeddable":true,"href":"https:\/\/www.creativeprojects.com.br\/shop\/wp-json\/wp\/v2\/product_brand?post=1857"},{"taxonomy":"product_cat","embeddable":true,"href":"https:\/\/www.creativeprojects.com.br\/shop\/wp-json\/wp\/v2\/product_cat?post=1857"},{"taxonomy":"product_tag","embeddable":true,"href":"https:\/\/www.creativeprojects.com.br\/shop\/wp-json\/wp\/v2\/product_tag?post=1857"}],"curies":[{"name":"wp","href":"https:\/\/api.w.org\/{rel}","templated":true}]}}