{"id":730,"date":"2020-08-28T04:24:35","date_gmt":"2020-08-28T07:24:35","guid":{"rendered":"https:\/\/www.creativeprojects.com.br\/shop\/?post_type=product&#038;p=730"},"modified":"2022-10-18T17:42:37","modified_gmt":"2022-10-18T20:42:37","slug":"free-fire-842-diamante-bonus-incluso","status":"publish","type":"product","link":"https:\/\/www.creativeprojects.com.br\/shop\/produto\/free-fire-842-diamante-bonus-incluso\/","title":{"rendered":"Free Fire &#8211; 842 Diamante + B\u00f4nus Incluso"},"content":{"rendered":"","protected":false},"excerpt":{"rendered":"<p>AO EFETUAR O PEDIDO INFORME SEU\u00a0<strong>ID<\/strong>\u00a0E\u00a0<strong>NICK<\/strong>\u00a0DO JOGO PARA RECEBER SEUS DIAMANTES DIRETAMENTE EM SUA CONTA.<\/p>\n<p>R\u00c1PIDO, F\u00c1CIL E SEM COMPLICA\u00c7\u00d5ES\u2026 APROVEITE!<\/p>\n","protected":false},"featured_media":490,"comment_status":"open","ping_status":"closed","template":"","meta":{"_uag_custom_page_level_css":""},"product_brand":[],"product_cat":[30,23],"product_tag":[],"class_list":{"0":"post-730","1":"product","2":"type-product","3":"status-publish","6":"product_cat-free-fire","7":"product_cat-gift-card","8":"lojas-externas-creative-projects","10":"first","11":"instock","12":"virtual","13":"taxable","14":"purchasable","15":"product-type-simple"},"uagb_featured_image_src":{"full":["https:\/\/i0.wp.com\/www.creativeprojects.com.br\/shop\/wp-content\/uploads\/2020\/08\/freefire.jpg?fit=1024%2C1440&ssl=1",1024,1440,false],"thumbnail":["https:\/\/i0.wp.com\/www.creativeprojects.com.br\/shop\/wp-content\/uploads\/2020\/08\/freefire.jpg?resize=150%2C150&ssl=1",150,150,true],"medium":["https:\/\/i0.wp.com\/www.creativeprojects.com.br\/shop\/wp-content\/uploads\/2020\/08\/freefire.jpg?fit=213%2C300&ssl=1",213,300,true],"medium_large":["https:\/\/i0.wp.com\/www.creativeprojects.com.br\/shop\/wp-content\/uploads\/2020\/08\/freefire.jpg?fit=640%2C900&ssl=1",640,900,true],"large":["https:\/\/i0.wp.com\/www.creativeprojects.com.br\/shop\/wp-content\/uploads\/2020\/08\/freefire.jpg?fit=640%2C900&ssl=1",640,900,true],"1536x1536":["https:\/\/i0.wp.com\/www.creativeprojects.com.br\/shop\/wp-content\/uploads\/2020\/08\/freefire.jpg?fit=1024%2C1440&ssl=1",1024,1440,true],"2048x2048":["https:\/\/i0.wp.com\/www.creativeprojects.com.br\/shop\/wp-content\/uploads\/2020\/08\/freefire.jpg?fit=1024%2C1440&ssl=1",1024,1440,true],"orchid-store-thumbnail-extra-large":["https:\/\/i0.wp.com\/www.creativeprojects.com.br\/shop\/wp-content\/uploads\/2020\/08\/freefire.jpg?resize=800%2C600&ssl=1",800,600,true],"orchid-store-thumbnail-large":["https:\/\/i0.wp.com\/www.creativeprojects.com.br\/shop\/wp-content\/uploads\/2020\/08\/freefire.jpg?resize=800%2C450&ssl=1",800,450,true],"woocommerce_thumbnail":["https:\/\/i0.wp.com\/www.creativeprojects.com.br\/shop\/wp-content\/uploads\/2020\/08\/freefire.jpg?resize=300%2C300&ssl=1",300,300,true],"woocommerce_single":["https:\/\/i0.wp.com\/www.creativeprojects.com.br\/shop\/wp-content\/uploads\/2020\/08\/freefire.jpg?fit=600%2C843&ssl=1",600,843,true],"woocommerce_gallery_thumbnail":["https:\/\/i0.wp.com\/www.creativeprojects.com.br\/shop\/wp-content\/uploads\/2020\/08\/freefire.jpg?resize=100%2C100&ssl=1",100,100,true],"quick_view_image_size":["https:\/\/i0.wp.com\/www.creativeprojects.com.br\/shop\/wp-content\/uploads\/2020\/08\/freefire.jpg?resize=450%2C600&ssl=1",450,600,true]},"uagb_author_info":{"display_name":"creativeprojectsam","author_link":"https:\/\/www.creativeprojects.com.br\/shop\/author\/"},"uagb_comment_info":0,"uagb_excerpt":"AO EFETUAR O PEDIDO INFORME SEU\u00a0ID\u00a0E\u00a0NICK\u00a0DO JOGO PARA RECEBER SEUS DIAMANTES DIRETAMENTE EM SUA CONTA. R\u00c1PIDO, F\u00c1CIL E SEM COMPLICA\u00c7\u00d5ES\u2026 APROVEITE!","jetpack_sharing_enabled":true,"_links":{"self":[{"href":"https:\/\/www.creativeprojects.com.br\/shop\/wp-json\/wp\/v2\/product\/730","targetHints":{"allow":["GET"]}}],"collection":[{"href":"https:\/\/www.creativeprojects.com.br\/shop\/wp-json\/wp\/v2\/product"}],"about":[{"href":"https:\/\/www.creativeprojects.com.br\/shop\/wp-json\/wp\/v2\/types\/product"}],"replies":[{"embeddable":true,"href":"https:\/\/www.creativeprojects.com.br\/shop\/wp-json\/wp\/v2\/comments?post=730"}],"version-history":[{"count":1,"href":"https:\/\/www.creativeprojects.com.br\/shop\/wp-json\/wp\/v2\/product\/730\/revisions"}],"predecessor-version":[{"id":731,"href":"https:\/\/www.creativeprojects.com.br\/shop\/wp-json\/wp\/v2\/product\/730\/revisions\/731"}],"wp:featuredmedia":[{"embeddable":true,"href":"https:\/\/www.creativeprojects.com.br\/shop\/wp-json\/wp\/v2\/media\/490"}],"wp:attachment":[{"href":"https:\/\/www.creativeprojects.com.br\/shop\/wp-json\/wp\/v2\/media?parent=730"}],"wp:term":[{"taxonomy":"product_brand","embeddable":true,"href":"https:\/\/www.creativeprojects.com.br\/shop\/wp-json\/wp\/v2\/product_brand?post=730"},{"taxonomy":"product_cat","embeddable":true,"href":"https:\/\/www.creativeprojects.com.br\/shop\/wp-json\/wp\/v2\/product_cat?post=730"},{"taxonomy":"product_tag","embeddable":true,"href":"https:\/\/www.creativeprojects.com.br\/shop\/wp-json\/wp\/v2\/product_tag?post=730"}],"curies":[{"name":"wp","href":"https:\/\/api.w.org\/{rel}","templated":true}]}}