{"id":9226,"date":"2024-09-03T23:57:14","date_gmt":"2024-09-04T02:57:14","guid":{"rendered":"https:\/\/www.creativeprojects.com.br\/shop\/produto\/mouse-gamer-usb-com-fio-de-nylon-7-botoes-e-iluminacao-led-g2\/"},"modified":"2024-09-03T23:58:06","modified_gmt":"2024-09-04T02:58:06","slug":"mouse-gamer-usb-com-fio-de-nylon-7-botoes-e-iluminacao-led-g2","status":"publish","type":"product","link":"https:\/\/www.creativeprojects.com.br\/shop\/produto\/mouse-gamer-usb-com-fio-de-nylon-7-botoes-e-iluminacao-led-g2\/","title":{"rendered":"Mouse Gamer Usb com Fio de Nylon 7 Bot\u00f5es e Ilumina\u00e7\u00e3o LED &#8211; G2"},"content":{"rendered":"<p>Mouse Gamer Usb com Ilumina\u00e7\u00e3o LED &#8211; G2<br \/>\nMelhore sua experi\u00eancia de jogo com o nosso Mouse Gamer USB! Projetado para o jogador moderno, ele vem com um resistente cabo de nylon e bot\u00f5es laterais para uma navega\u00e7\u00e3o r\u00e1pida e eficiente.<\/p>\n<p>Com um total de 7 bot\u00f5es, cada clique \u00e9 uma a\u00e7\u00e3o imediata no seu jogo favorito. Ajuste o DPI ao seu gosto para precis\u00e3o ou velocidade, e mergulhe no ambiente do jogo com a ilumina\u00e7\u00e3o LED vibrante.<\/p>\n<p>\u00c9 a combina\u00e7\u00e3o perfeita de funcionalidade e estilo para qualquer setup de gaming.<\/p>\n<p>Especifica\u00e7\u00f5es T\u00e9cnicas:<br \/>\nModelo: G2<br \/>\nInterface de Conex\u00e3o: USB<br \/>\nTipo: Mouse \u00d3ptico<br \/>\nBot\u00f5es: 7<br \/>\nDesign: Ergon\u00f4mico, sinta-se mais confort\u00e1vel<br \/>\nDPI: 800\/1200\/1600\/2400<br \/>\nIlumina\u00e7\u00e3o Led: Sim<br \/>\nMaterial do Cabo: Nylon<br \/>\nComprimento do cabo: 1,5m<br \/>\nPeso: 82g<br \/>\nMaterial: Pl\u00e1stico + Componentes Eletr\u00f4nicos<\/p>\n<p>Obs. Imagens meramente ilustrativas. Cores, tamanhos e embalagem podem variar de acordo com o lote e o fabricante.<\/p>\n","protected":false},"excerpt":{"rendered":"<p>Mouse Gamer Usb com Ilumina\u00e7\u00e3o LED &#8211; G2 Melhore sua experi\u00eancia de jogo com o nosso Mouse Gamer USB! Projetado para o jogador moderno, ele vem com um resistente cabo<\/p>\n","protected":false},"featured_media":9225,"comment_status":"open","ping_status":"closed","template":"","meta":{"_uag_custom_page_level_css":""},"product_brand":[],"product_cat":[69,66],"product_tag":[],"class_list":{"0":"post-9226","1":"product","2":"type-product","3":"status-publish","6":"product_cat-acessorios-pecas-e-acessorios-informatica","7":"product_cat-informatica","9":"first","10":"instock","11":"sale","12":"taxable","13":"shipping-taxable","14":"purchasable","15":"product-type-simple"},"uagb_featured_image_src":{"full":["https:\/\/i0.wp.com\/www.creativeprojects.com.br\/shop\/wp-content\/uploads\/2024\/09\/17254184239958941500161509711836.jpg?fit=428%2C428&ssl=1",428,428,false],"thumbnail":["https:\/\/i0.wp.com\/www.creativeprojects.com.br\/shop\/wp-content\/uploads\/2024\/09\/17254184239958941500161509711836.jpg?resize=150%2C150&ssl=1",150,150,true],"medium":["https:\/\/i0.wp.com\/www.creativeprojects.com.br\/shop\/wp-content\/uploads\/2024\/09\/17254184239958941500161509711836.jpg?fit=300%2C300&ssl=1",300,300,true],"medium_large":["https:\/\/i0.wp.com\/www.creativeprojects.com.br\/shop\/wp-content\/uploads\/2024\/09\/17254184239958941500161509711836.jpg?fit=428%2C428&ssl=1",428,428,true],"large":["https:\/\/i0.wp.com\/www.creativeprojects.com.br\/shop\/wp-content\/uploads\/2024\/09\/17254184239958941500161509711836.jpg?fit=428%2C428&ssl=1",428,428,true],"1536x1536":["https:\/\/i0.wp.com\/www.creativeprojects.com.br\/shop\/wp-content\/uploads\/2024\/09\/17254184239958941500161509711836.jpg?fit=428%2C428&ssl=1",428,428,true],"2048x2048":["https:\/\/i0.wp.com\/www.creativeprojects.com.br\/shop\/wp-content\/uploads\/2024\/09\/17254184239958941500161509711836.jpg?fit=428%2C428&ssl=1",428,428,true],"orchid-store-thumbnail-extra-large":["https:\/\/i0.wp.com\/www.creativeprojects.com.br\/shop\/wp-content\/uploads\/2024\/09\/17254184239958941500161509711836.jpg?resize=428%2C321&ssl=1",428,321,true],"orchid-store-thumbnail-large":["https:\/\/i0.wp.com\/www.creativeprojects.com.br\/shop\/wp-content\/uploads\/2024\/09\/17254184239958941500161509711836.jpg?resize=428%2C240&ssl=1",428,240,true],"woocommerce_thumbnail":["https:\/\/i0.wp.com\/www.creativeprojects.com.br\/shop\/wp-content\/uploads\/2024\/09\/17254184239958941500161509711836.jpg?resize=300%2C300&ssl=1",300,300,true],"woocommerce_single":["https:\/\/i0.wp.com\/www.creativeprojects.com.br\/shop\/wp-content\/uploads\/2024\/09\/17254184239958941500161509711836.jpg?fit=428%2C428&ssl=1",428,428,true],"woocommerce_gallery_thumbnail":["https:\/\/i0.wp.com\/www.creativeprojects.com.br\/shop\/wp-content\/uploads\/2024\/09\/17254184239958941500161509711836.jpg?resize=100%2C100&ssl=1",100,100,true],"quick_view_image_size":["https:\/\/i0.wp.com\/www.creativeprojects.com.br\/shop\/wp-content\/uploads\/2024\/09\/17254184239958941500161509711836.jpg?resize=321%2C428&ssl=1",321,428,true]},"uagb_author_info":{"display_name":"creativeprojectsam","author_link":"https:\/\/www.creativeprojects.com.br\/shop\/author\/"},"uagb_comment_info":0,"uagb_excerpt":"Mouse Gamer Usb com Ilumina\u00e7\u00e3o LED &#8211; G2 Melhore sua experi\u00eancia de jogo com o nosso Mouse Gamer USB! Projetado para o jogador moderno, ele vem com um resistente cabo","jetpack_sharing_enabled":true,"_links":{"self":[{"href":"https:\/\/www.creativeprojects.com.br\/shop\/wp-json\/wp\/v2\/product\/9226","targetHints":{"allow":["GET"]}}],"collection":[{"href":"https:\/\/www.creativeprojects.com.br\/shop\/wp-json\/wp\/v2\/product"}],"about":[{"href":"https:\/\/www.creativeprojects.com.br\/shop\/wp-json\/wp\/v2\/types\/product"}],"replies":[{"embeddable":true,"href":"https:\/\/www.creativeprojects.com.br\/shop\/wp-json\/wp\/v2\/comments?post=9226"}],"version-history":[{"count":0,"href":"https:\/\/www.creativeprojects.com.br\/shop\/wp-json\/wp\/v2\/product\/9226\/revisions"}],"wp:featuredmedia":[{"embeddable":true,"href":"https:\/\/www.creativeprojects.com.br\/shop\/wp-json\/wp\/v2\/media\/9225"}],"wp:attachment":[{"href":"https:\/\/www.creativeprojects.com.br\/shop\/wp-json\/wp\/v2\/media?parent=9226"}],"wp:term":[{"taxonomy":"product_brand","embeddable":true,"href":"https:\/\/www.creativeprojects.com.br\/shop\/wp-json\/wp\/v2\/product_brand?post=9226"},{"taxonomy":"product_cat","embeddable":true,"href":"https:\/\/www.creativeprojects.com.br\/shop\/wp-json\/wp\/v2\/product_cat?post=9226"},{"taxonomy":"product_tag","embeddable":true,"href":"https:\/\/www.creativeprojects.com.br\/shop\/wp-json\/wp\/v2\/product_tag?post=9226"}],"curies":[{"name":"wp","href":"https:\/\/api.w.org\/{rel}","templated":true}]}}